lculate the greatest common divisor of 27 and o.
9
Suppose 11 = t - 1. Let s be t/42 - 47/(-7). Calculate the greatest common factor of s and 1.
1
Suppose 4*p - 209 = 151. Suppose 2*b - 3*d = p, -b = -3*b + d + 82. What is the highest common factor of 13 and b?
13
Let v = 2 - -2. Suppose y = -5*y + 24. What is the greatest common divisor of v and y?
4
Suppose 4*k = -3*z + 53 + 39, -3*k = -z + 22. What is the highest common divisor of 70 and z?
14
Suppose -903 = -4*q - 231. Suppose -4*g + 36 = 2*o, 0 = 4*o - 7*o - 4*g + 60. Calculate the greatest common factor of o and q.
24
Suppose -g + 5*v - 17 = 0, 4*g = 4*v - 9*v + 57. Calculate the highest common divisor of 2 and g.
2
Let s = -30 - -50. Suppose -3*a - 5*h + 27 - 196 = 0, 0 = a + h + 59. Let i be (a/(-6))/((-6)/(-80)). What is the greatest common divisor of s and i?
20
Suppose -150 = -10*q + 5*q. Let y be (-8 - -13)/((-2)/(-6)). Calculate the greatest common divisor of y and q.
15
Let t(j) = -j**3 + 8*j**2 + 15*j - 4. Let g be t(9). What is the greatest common factor of g and 125?
25
Suppose 7*m + m - 40 = 0. Let x(s) = s**3 - 3*s**2 + 1. Let i be x(3). Calculate the highest common divisor of m and i.
1
Suppose -44 = 2*h - 5*h - 5*u, -5*h + u = -36. Let g = h - 6. Let x be g*(-3)/(-6) + 4. Calculate the greatest common factor of x and 25.
5
Let n(b) = 69*b**2 - 2*b - 1. Let i(l) = l**3 + 5*l**2 + 5*l + 3. Let j be i(-4). Let m be n(j). What is the greatest common factor of m and 28?
14
Let p = 2 + -4. Let i be 1/p + 29/2. What is the greatest common factor of i and 14?
14
Let d = 99 - 51. Let g be (9/(-6))/(6/(-20)). Let w(b) = b**2 - 2*b - 3. Let r be w(g). What is the greatest common factor of r and d?
12
Let v(s) = -s**3 - 6*s**2 - 6*s + 24. Let l be v(-7). What is the greatest common divisor of l and 46?
23
Let t = -1 - -15. What is the highest common divisor of 2 and t?
2
Let p = -76 + 141. What is the greatest common divisor of p and 26?
13
Let c be 36 + 2 + 4 - -3. What is the greatest common factor of c and 5?
5
Suppose -4*n - 4*h = 0, -2*n - 5*h - 11 = -2. Suppose -n*l = 4*t - 46, -l - 8 = 4*t - 58. Calculate the highest common divisor of 26 and t.
13
Let u = -128 - -129. What is the highest common factor of u and 27?
1
Suppose -k = -h - 5*k + 10, 4*h = k + 6. Let q = -2 + h. Suppose q = -3*c + 11 + 46. Calculate the highest common divisor of c and 76.
19
Suppose -5*n = -5*c - 245, n = -4*n - c + 269. Let a = -37 + n. Suppose -2*m = -7 - 1. What is the highest common divisor of m and a?
4
Suppose 3*i - 2*i + 7 = 0. Let v be (-10 - i)/((-2)/2). What is the greatest common divisor of v and 12?
3
Let m be (-2)/(-3) + 14/6. Let o(q) = -q + 2. Let c be o(m). Let t be (32/(-3))/(c/3). What is the greatest common divisor of t and 4?
4
Let k be (-2)/4 + 100/8. Suppose 4*b + 3*u - 211 = 134, 4*b = 3*u + 327. What is the highest common divisor of k and b?
12
Let v be (-2)/(-2*(-3)/15). Let d be 10 + v/(5/(-2)). What is the highest common divisor of 3 and d?
3
Suppose 0*u - 4*u = -2*x - 262, 0 = -5*x + 5. Let y = 21 - 15. What is the greatest common divisor of u and y?
6
Let o be ((-10)/(-4) - 1)/((-66)/(-484)). Calculate the highest common factor of o and 22.
11
Let c be (-5)/(-20) + (3 - 537/(-12)). What is the greatest common divisor of c and 72?
24
Suppose 33 = -2*c - 3*f - 97, 4*c + 272 = -3*f. Let m = c - -161. What is the highest common divisor of m and 10?
10
Suppose 0 = -2*a + 3*a - 4. Suppose -a*q = -5*q + 7. Let g = 21 - 14. What is the greatest common divisor of g and q?
7
Let j be 2/((-23)/12 + 2). Let z = j + -14. Suppose 2*a - 34 - z = 0. What is the highest common factor of 33 and a?
11
Suppose 0*q + 2*q = 5*z + 7, 0 = q - 4*z - 2. Calculate the highest common factor of q and 48.
6
Let p = -3 + 0. Let w be (1/p)/((-2)/18). Suppose 2*m = -5*k + 426, 4*m - 246 = -w*k + 6*m. What is the greatest common factor of k and 14?
14
Let g(w) = -w**2 + w + 42. Let h be g(0). What is the highest common factor of 6 and h?
6
Suppose -2*c + 3*c = 8. Let m be -12*1/((-9)/6). Calculate the highest common factor of m and c.
8
Let k be 0 - -1 - (-20)/2. Let h(r) = r - 11. Let y be h(10). Let a(d) = -88*d**3 - d**2 + 1. Let q be a(y). What is the highest common factor of k and q?
11
Suppose -7*m + 2*m + 160 = 0. Suppose -2*f - 3 = -19. What is the greatest common factor of f and m?
8
Suppose 4*j = 2*j + 102. Let o be (0 - -6)/(3/2). Let q(d) = 9*d - 2. Let u be q(o). Calculate the highest common factor of u and j.
17
Let f = 58 - 38. Suppose -2*y = -6*y + f. Let j = 6 + y. What is the highest common divisor of 33 and j?
11
Let x(h) = -2*h**2 + 2*h + 1. Let d be x(5). Let v = -25 - d. Let u = 68 - 61. Calculate the highest common divisor of u and v.
7
Suppose -25 + 10 = -5*u, -5*l = -5*u - 320. Let d = -40 + l. Let a = 2 + 1. Calculate the greatest common divisor of a and d.
3
Let l(m) = -51*m - 12. Let k be l(-1). What is the greatest common factor of 195 and k?
39
Suppose -33 = -2*u - u. Let n(i) = 77*i**2 + i - 1. Let s be n(1). Let l be s*1 + 0 + 0. What is the greatest common factor of l and u?
11
Suppose -5*n + 10 + 0 = 0. Let d be (3 + (-7)/n)*-22. Suppose 0 = 4*r - 3*g - 44, -3*r + 44 = 4*g + 11. Calculate the greatest common divisor of d and r.
11
Let y(a) = a**2 - a - 1. Let q be y(-1). Let s = q - -3. Calculate the highest common factor of 32 and s.
4
Suppose t = -0 + 3. Suppose 0 = -44*z + 40*z + 96. Calculate the highest common factor of t and z.
3
Suppose -2*b + 48 = 4*b. Let k(p) = p + 64. Let i be k(0). What is the greatest common divisor of i and b?
8
Let z(g) = g**3 - 2*g - 1. Let k be z(-1). Suppose k = i - 3*i + 66. Suppose 0 = -13*r + 2*r + 33. Calculate the highest common divisor of r and i.
3
Suppose n - 15 = 4. What is the greatest common factor of 57 and n?
19
Suppose 0 = -5*t + z + 1166, -3*t + 444 = 3*z - 270. What is the greatest common divisor of t and 26?
26
Let v be 4/10 - (-156)/10. Calculate the highest common factor of v and 112.
16
Let j be (-1 + 3)*-2*1. Let g(f) = 4*f**2 + f + 3. Let q be g(j). What is the highest common divisor of 7 and q?
7
Suppose -4*s + s - 63 = -u, -5*u - 2*s = -315. Calculate the highest common factor of u and 9.
9
Let n(u) = 4*u - 2. Let i be n(4). Let a = -13 + i. Calculate the greatest common divisor of a and 4.
1
Let a(g) = 3*g**3 + 2*g**2 - 1. Let t be a(1). Let y = 65 - 57. What is the highest common factor of y and t?
4
Let t(y) = -y**2 + 6*y - 1. Let h be t(5). Suppose 384 = h*i - 0*i. Suppose 0 = 5*r - r - i. What is the greatest common factor of r and 36?
12
Suppose 1122 = -9*s + 26*s. Calculate the greatest common divisor of 18 and s.
6
Let g = -1 - -49. Calculate the highest common factor of g and 12.
12
Suppose -a - a = -64. What is the highest common factor of 96 and a?
32
Let x = -249 - -251. Suppose 2*c = 7 + 13. Calculate the greatest common divisor of x and c.
2
Let d(j) = 6*j + 9. Let v be d(16). Calculate the highest common factor of v and 15.
15
Let v = 29 + -3. What is the greatest common factor of 234 and v?
26
Let z = 13 + -10. Suppose -260 = z*l - 7*l. Calculate the greatest common factor of l and 13.
13
Suppose 5*i = 4*t - 83, 39 - 110 = -3*t - 5*i. Suppose -3*a + 4*h + t + 20 = 0, 3*a - 69 = -5*h. What is the greatest common divisor of a and 9?
9
Let s = -355 - -543. Suppose s = 4*h - 8. Let d = 9 - 2. What is the highest common divisor of d and h?
7
Suppose 24 = 2*f + f. Let w = f + -8. Let d = w + 13. What is the highest common divisor of d and 117?
13
Let g(d) = -2 + 3 + 2*d**2 + 4*d + d**2. Let r be g(-3). Let b be 8/(-2 + -2)*-64. What is the greatest common divisor of r and b?
16
Suppose 0 = -2*f - 4*i, 0 = -3*f + 4*i - 3*i + 7. Suppose -f*q = -26 - 34. Calculate the greatest common factor of q and 10.
10
Let x = -113 - -115. What is the highest common factor of x and 8?
2
Let y = -22 + 24. Suppose -5*i + 100 + 116 = -4*a, -5*i = y*a - 222. What is the highest common factor of i and 11?
11
Let z be (-22)/(-33)*(1 - -29). Suppose o + 2*o = 3*h, 4*h + o - z = 0. Calculate the greatest common factor of 44 and h.
4
Let j be (138/10)/((-66)/(-110)). Let s be (-1)/3 - (-140)/6. What is the greatest common divisor of j and s?
23
Suppose -35 = -r - 3*u, 2*r = 5*r - u - 85. What is the greatest common factor of